{"id":15113,"date":"2023-09-10T11:36:40","date_gmt":"2023-09-10T11:36:40","guid":{"rendered":"http:\/\/eshop.heposvm.cz\/?page_id=15113"},"modified":"2023-11-14T09:05:14","modified_gmt":"2023-11-14T09:05:14","slug":"gdpr","status":"publish","type":"page","link":"https:\/\/eshop.heposvm.cz\/en\/gdpr\/","title":{"rendered":"GDPR"},"content":{"rendered":"<h2 class=\"wp-block-heading\">Informace o zpracov\u00e1n\u00ed osobn\u00edch \u00fadaj\u016f (Informa\u010dn\u00ed memorandum pro Ostatn\u00ed subjekty \u00fadaj\u016f)<\/h2><p>T\u00edmto dokumentem V\u00e1m jako subjektu \u00fadaj\u016f poskytujeme informace a pou\u010den\u00ed o Va\u0161ich pr\u00e1vech souvisej\u00edc\u00edch se zpracov\u00e1v\u00e1n\u00edm Va\u0161ich&nbsp;osobn\u00edch \u00fadaj\u016f dle Na\u0159\u00edzen\u00ed Evropsk\u00e9ho parlamentu a Rady (EU) \u010d. 679\/2016 o&nbsp;ochran\u011b fyzick\u00fdch osob v souvislosti se zpracov\u00e1n\u00edm osobn\u00edch \u00fadaj\u016f a o voln\u00e9m pohybu t\u011bchto \u00fadaj\u016f, zn\u00e1m\u00e9ho pod ozna\u010den\u00edm \u201eGeneral Data Protection Regulation\u201c, se zkratkou \u201eGDPR\u201c.<\/p><p>Uji\u0161\u0165ujeme V\u00e1s, \u017ee s Va\u0161imi osobn\u00edmi \u00fadaji nakl\u00e1d\u00e1me s \u0159\u00e1dnou p\u00e9\u010d\u00ed a v souladu s platn\u00fdmi pr\u00e1vn\u00edmi p\u0159edpisy. Va\u0161e osobn\u00ed \u00fadaje chr\u00e1n\u00edme v maxim\u00e1ln\u00ed mo\u017en\u00e9 m\u00ed\u0159e, kter\u00e1 odpov\u00edd\u00e1 technick\u00e9 \u00farovni dostupn\u00fdch prost\u0159edk\u016f. V&nbsp;na\u0161\u00ed firm\u011b plat\u00ed p\u0159\u00edsn\u00e1 pravidla, je\u017e stanovuj\u00ed, za jak\u00fdch podm\u00ednek a jak\u00e9 osobn\u00ed \u00fadaje m\u016f\u017eeme zpracov\u00e1vat.<\/p><p>Spr\u00e1vce Va\u0161ich osobn\u00edch \u00fadaj\u016f:<br>Firma: Hepos, spol. s\u00a0r.o.<br>se s\u00eddlem: Masarykova 753, Vala\u0161sk\u00e9 Mezi\u0159\u00ed\u010d\u00ed<br>I\u010c: 46580549<br>tel.: +420 606 028 784<br>email: hepos@heposvm.cz<br>Pov\u011b\u0159enec pro ochranu osobn\u00edch \u00fadaj\u016f nebyl u Spr\u00e1vce jmenov\u00e1n.<\/p><p>T\u00edmto prohla\u0161uje a z\u00e1rove\u0148 \u010din\u00ed uji\u0161t\u011bn\u00ed, \u017ee:<\/p><p>1. vystupuje v&nbsp;r\u00e1mci obchodn\u00ed spolupr\u00e1ce se sv\u00fdmi z\u00e1kazn\u00edky tj. subjekty \u00fadaj\u016f, ve vztahu k&nbsp;osobn\u00edm \u00fadaj\u016fm, kter\u00e9 a\u0165 u\u017e p\u0159\u00edmo nebo nep\u0159\u00edmo z\u00edskala od subjekt\u016f \u00fadaj\u016f, jako spr\u00e1vce osobn\u00edch \u00fadaj\u016f;<\/p><p>2. p\u0159i shroma\u017e\u010fov\u00e1n\u00ed a dal\u0161\u00edm zpracov\u00e1n\u00ed osobn\u00edch \u00fadaj\u016f postupuje v&nbsp;souladu s&nbsp;platn\u00fdmi pr\u00e1vn\u00edmi p\u0159edpisy, jako\u017e i dle p\u0159\u00edslu\u0161n\u00fdch p\u0159edpis\u016f Evropsk\u00e9 unie;<\/p><p>3. spl\u0148uje po\u017eadavky platn\u00fdch pr\u00e1vn\u00edch p\u0159edpis\u016f v&nbsp;oblasti ochrany osobn\u00edch \u00fadaj\u016f, a \u017ee implementuje po\u017eadavky GDPR a souvisej\u00edc\u00edch pr\u00e1vn\u00edch p\u0159edpis\u016f;4. zavedla vhodn\u00e1 technick\u00e1 a organiza\u010dn\u00ed opat\u0159en\u00ed, aby zajistila a byla schopna dolo\u017eit, \u017ee zpracov\u00e1n\u00ed je prov\u00e1d\u011bno v&nbsp;souladu s&nbsp;platnou a \u00fa\u010dinnou \u00fapravou ochrany osobn\u00edch \u00fadaj\u016f;<\/p><p>5. si je v\u011bdoma sv\u00e9 pln\u00e9 odpov\u011bdnosti za zpracov\u00e1n\u00ed osobn\u00edch \u00fadaj\u016f a d\u016fsledk\u016f spojen\u00fdch s&nbsp;poru\u0161en\u00edm povinnost\u00ed stanoven\u00fdch j\u00ed jako spr\u00e1vci osobn\u00edch \u00fadaj\u016f platnou a \u00fa\u010dinnou pr\u00e1vn\u00ed \u00fapravou ochrany osobn\u00edch \u00fadaj\u016f p\u0159edstavovanou zejm\u00e9na GDPR.<\/p><p>Osobn\u00ed \u00fadaje, kter\u00e9 zejm\u00e9na zpracov\u00e1v\u00e1me (z\u00e1kazn\u00edk\/odb\u011bratel, dodavatel, z\u00e1stupce pr\u00e1vnick\u00e9 osoby, podnikaj\u00edc\u00ed fyzick\u00e1 osoba):<br>1) identifika\u010dn\u00ed \u00fadaje (jm\u00e9no, p\u0159\u00edjmen\u00ed, titul, datum narozen\u00ed)<br>2) kontaktn\u00ed \u00fadaje (adresa trval\u00e9ho bydli\u0161t\u011b, s\u00eddla a provozovny, kontaktn\u00ed telefon, e-mailov\u00e1 adresa)<br>3) I\u010c<br>4) DI\u010c \u2013 rodn\u00e9 \u010d\u00edslo<br>5) pracovn\u00ed pozice<br>6) bankovn\u00ed spojen\u00ed a \u010d\u00edslo \u00fa\u010dtu<br>7)&nbsp;dal\u0161\u00ed \u00fadaje nutn\u00e9 pro pln\u011bn\u00ed smlouvy<\/p><p>K p\u0159ed\u00e1n\u00ed osobn\u00edch \u00fadaj\u016f do \u017e\u00e1dn\u00e9 t\u0159et\u00ed zem\u011b ani do \u017e\u00e1dn\u00e9 mezin\u00e1rodn\u00ed organizace nedoch\u00e1z\u00ed a ani takov\u00e9 p\u0159ed\u00e1n\u00ed nepl\u00e1nujeme.<\/p><p>Jako subjekt \u00fadaj\u016f m\u00e1te n\u00e1sleduj\u00edc\u00ed pr\u00e1va:<br>\u2022 po\u017eadovat p\u0159\u00edstup k&nbsp;osobn\u00edm \u00fadaj\u016fm, kter\u00e9 o V\u00e1s jako spr\u00e1vce zpracov\u00e1v\u00e1me ve smyslu \u010dl\u00e1nku 13, \u010dl\u00e1nku 14 a d\u00e1le \u010dl\u00e1nku 15 na\u0159\u00edzen\u00ed GDPR<br>\u2022 po\u017eadovat opravu nebo v\u00fdmaz osobn\u00edch \u00fadaj\u016f ve smyslu \u010dl\u00e1nk\u016f 16 a 17 na\u0159\u00edzen\u00ed GDPR,<br>\u2022 po\u017eadovat omezen\u00ed zpracov\u00e1n\u00ed osobn\u00edch \u00fadaj\u016f ve smyslu \u010dl\u00e1nku 18 na\u0159\u00edzen\u00ed GDPR \u2022 vzn\u00e9st n\u00e1mitku proti zpracov\u00e1n\u00ed osobn\u00edch \u00fadaj\u016f \u010dl\u00e1nku 21 na\u0159\u00edzen\u00ed GDPR<br>\u2022 pr\u00e1vo na p\u0159enositelnost sv\u00fdch osobn\u00edch \u00fadaj\u016f ve smyslu \u010dl\u00e1nku 20 na\u0159\u00edzen\u00ed GDPR<br>\u2022 pr\u00e1vo neb\u00fdt p\u0159edm\u011btem automatizovan\u00e9ho rozhodov\u00e1n\u00ed, a to v\u010detn\u011b profilov\u00e1n\u00ed ve smyslu \u010dl\u00e1nku 22 na\u0159\u00edzen\u00ed GDPR<br>\u2022 odvolat kdykoli sv\u016fj souhlas se zpracov\u00e1n\u00edm<br>\u2022 na ozn\u00e1men\u00ed, \u017ee do\u0161lo k&nbsp;poru\u0161en\u00ed zabezpe\u010den\u00ed jeho osobn\u00edch \u00fadaj\u016f ve smyslu \u010dl\u00e1nku 34 na\u0159\u00edzen\u00ed GDPR<br>\u2022 pr\u00e1vo podat st\u00ed\u017enost u dozorov\u00e9ho \u00fa\u0159adu \u010dl\u00e1nku 13, \u010dl\u00e1nku 14 a d\u00e1le \u010dl\u00e1nku 15 na\u0159\u00edzen\u00ed GDPR, kter\u00fdm je \u00da\u0159ad na ochranu osobn\u00edch \u00fadaj\u016f, Praha, Pplk. Sochora 27, 170 00 Praha 7<\/p><p>Uplatn\u011bn\u00ed kter\u00e9hokoli z Va\u0161ich pr\u00e1v uveden\u00fdch v&nbsp;na\u0159\u00edzen\u00ed GDPR:Uplatn\u011bn\u00ed pr\u00e1va mus\u00ed b\u00fdt p\u0159edlo\u017eeno p\u00edsemn\u011b v s\u00eddle na\u0161\u00ed firmy, s Va\u0161\u00ed prokazatelnou identifikac\u00ed a jej\u00ed autentizac\u00ed pov\u011b\u0159en\u00fdm pracovn\u00edkem.<\/p><p>Informace, na kter\u00e9 m\u00e1te jako subjekt \u00fadaj\u016f pr\u00e1vo, V\u00e1m poskytneme na z\u00e1klad\u011b Va\u0161\u00ed \u017e\u00e1dosti, rovn\u011b\u017e v s\u00eddle spole\u010dnosti po prok\u00e1z\u00e1n\u00ed Va\u0161\u00ed identity a jej\u00ed autentizaci.<\/p><p>P\u0159i \u017e\u00e1dosti zaslan\u00e9 po\u0161tou nebo e&nbsp;-mailem, bude \u017eadateli sd\u011bleno, \u017ee pokud nebude \u0159\u00e1dn\u011b ztoto\u017en\u011bn, nebude spr\u00e1vce moci jeho \u017e\u00e1dost vy\u0159\u00eddit.<\/p><p>P\u0159i \u017e\u00e1dosti zaslan\u00e9 prost\u0159ednictv\u00edm datov\u00e9 schr\u00e1nky, se m\u00e1 za to, \u017ee osoba, kter\u00e1 pou\u017e\u00edv\u00e1 datovou schr\u00e1nku, se t\u00edm pro \u00fa\u010dely pod\u00e1n\u00ed \u017e\u00e1dosti pova\u017euje za \u0159\u00e1dn\u011b ztoto\u017en\u011bnou.<\/p><p>\u017d\u00e1dost o&nbsp;p\u0159\u00edstup k informac\u00edm je spr\u00e1vce povinen vy\u0159\u00eddit neprodlen\u011b, nejpozd\u011bji v\u0161ak do 30 dn\u016f.<\/p><p>Vydal: Hepos, spol. s\u00a0r.o., \u00a0Ing. Petr Ma\u0161ek<\/p><p>Datum vyd\u00e1n\u00ed: 14.11.2023<\/p><p>\u00da\u010dinnost od: 14.11.2023<\/p>","protected":false},"excerpt":{"rendered":"<p>Informace o zpracov\u00e1n\u00ed osobn\u00edch \u00fadaj\u016f (Informa\u010dn\u00ed memorandum pro Ostatn\u00ed subjekty \u00fadaj\u016f) T\u00edmto dokumentem V\u00e1m jako subjektu \u00fadaj\u016f poskytujeme informace a pou\u010den\u00ed o Va\u0161ich pr\u00e1vech souvisej\u00edc\u00edch se zpracov\u00e1v\u00e1n\u00edm Va\u0161ich&nbsp;osobn\u00edch \u00fadaj\u016f dle Na\u0159\u00edzen\u00ed Evropsk\u00e9ho parlamentu a Rady (EU) \u010d. 679\/2016 o&nbsp;ochran\u011b fyzick\u00fdch osob v souvislosti se zpracov\u00e1n\u00edm osobn\u00edch \u00fadaj\u016f a o voln\u00e9m pohybu t\u011bchto \u00fadaj\u016f, zn\u00e1m\u00e9ho pod [&hellip;]<\/p>\n","protected":false},"author":1,"featured_media":0,"parent":0,"menu_order":0,"comment_status":"closed","ping_status":"closed","template":"","meta":{"footnotes":""},"class_list":["post-15113","page","type-page","status-publish","hentry"],"_links":{"self":[{"href":"https:\/\/eshop.heposvm.cz\/en\/wp-json\/wp\/v2\/pages\/15113","targetHints":{"allow":["GET"]}}],"collection":[{"href":"https:\/\/eshop.heposvm.cz\/en\/wp-json\/wp\/v2\/pages"}],"about":[{"href":"https:\/\/eshop.heposvm.cz\/en\/wp-json\/wp\/v2\/types\/page"}],"author":[{"embeddable":true,"href":"https:\/\/eshop.heposvm.cz\/en\/wp-json\/wp\/v2\/users\/1"}],"replies":[{"embeddable":true,"href":"https:\/\/eshop.heposvm.cz\/en\/wp-json\/wp\/v2\/comments?post=15113"}],"version-history":[{"count":3,"href":"https:\/\/eshop.heposvm.cz\/en\/wp-json\/wp\/v2\/pages\/15113\/revisions"}],"predecessor-version":[{"id":15310,"href":"https:\/\/eshop.heposvm.cz\/en\/wp-json\/wp\/v2\/pages\/15113\/revisions\/15310"}],"wp:attachment":[{"href":"https:\/\/eshop.heposvm.cz\/en\/wp-json\/wp\/v2\/media?parent=15113"}],"curies":[{"name":"wp","href":"https:\/\/api.w.org\/{rel}","templated":true}]}}

<h2 class="wp-block-heading">Informace o zpracování osobních údajů (Informační memorandum pro Ostatní subjekty údajů)</h2><p>Tímto dokumentem Vám jako subjektu údajů poskytujeme informace a poučení o Vašich právech souvisejících se zpracováváním Vašich&nbsp;osobních údajů dle Nařízení Evropského parlamentu a Rady (EU) č. 679/2016 o&nbsp;ochraně fyzických osob v souvislosti se zpracováním osobních údajů a o volném pohybu těchto údajů, známého pod označením „General Data Protection Regulation“, se zkratkou „GDPR“.</p><p>Ujišťujeme Vás, že s Vašimi osobními údaji nakládáme s řádnou péčí a v souladu s platnými právními předpisy. Vaše osobní údaje chráníme v maximální možné míře, která odpovídá technické úrovni dostupných prostředků. V&nbsp;naší firmě platí přísná pravidla, jež stanovují, za jakých podmínek a jaké osobní údaje můžeme zpracovávat.</p><p>Správce Vašich osobních údajů:<br>Firma: Hepos, spol. s r.o.<br>se sídlem: Masarykova 753, Valašské Meziříčí<br>IČ: 46580549<br>tel.: +420 606 028 784<br>email: hepos@heposvm.cz<br>Pověřenec pro ochranu osobních údajů nebyl u Správce jmenován.</p><p>Tímto prohlašuje a zároveň činí ujištění, že:</p><p>1. vystupuje v&nbsp;rámci obchodní spolupráce se svými zákazníky tj. subjekty údajů, ve vztahu k&nbsp;osobním údajům, které ať už přímo nebo nepřímo získala od subjektů údajů, jako správce osobních údajů;</p><p>2. při shromažďování a dalším zpracování osobních údajů postupuje v&nbsp;souladu s&nbsp;platnými právními předpisy, jakož i dle příslušných předpisů Evropské unie;</p><p>3. splňuje požadavky platných právních předpisů v&nbsp;oblasti ochrany osobních údajů, a že implementuje požadavky GDPR a souvisejících právních předpisů;4. zavedla vhodná technická a organizační opatření, aby zajistila a byla schopna doložit, že zpracování je prováděno v&nbsp;souladu s&nbsp;platnou a účinnou úpravou ochrany osobních údajů;</p><p>5. si je vědoma své plné odpovědnosti za zpracování osobních údajů a důsledků spojených s&nbsp;porušením povinností stanovených jí jako správci osobních údajů platnou a účinnou právní úpravou ochrany osobních údajů představovanou zejména GDPR.</p><p>Osobní údaje, které zejména zpracováváme (zákazník/odběratel, dodavatel, zástupce právnické osoby, podnikající fyzická osoba):<br>1) identifikační údaje (jméno, příjmení, titul, datum narození)<br>2) kontaktní údaje (adresa trvalého bydliště, sídla a provozovny, kontaktní telefon, e-mailová adresa)<br>3) IČ<br>4) DIČ – rodné číslo<br>5) pracovní pozice<br>6) bankovní spojení a číslo účtu<br>7)&nbsp;další údaje nutné pro plnění smlouvy</p><p>K předání osobních údajů do žádné třetí země ani do žádné mezinárodní organizace nedochází a ani takové předání neplánujeme.</p><p>Jako subjekt údajů máte následující práva:<br>• požadovat přístup k&nbsp;osobním údajům, které o Vás jako správce zpracováváme ve smyslu článku 13, článku 14 a dále článku 15 nařízení GDPR<br>• požadovat opravu nebo výmaz osobních údajů ve smyslu článků 16 a 17 nařízení GDPR,<br>• požadovat omezení zpracování osobních údajů ve smyslu článku 18 nařízení GDPR • vznést námitku proti zpracování osobních údajů článku 21 nařízení GDPR<br>• právo na přenositelnost svých osobních údajů ve smyslu článku 20 nařízení GDPR<br>• právo nebýt předmětem automatizovaného rozhodování, a to včetně profilování ve smyslu článku 22 nařízení GDPR<br>• odvolat kdykoli svůj souhlas se zpracováním<br>• na oznámení, že došlo k&nbsp;porušení zabezpečení jeho osobních údajů ve smyslu článku 34 nařízení GDPR<br>• právo podat stížnost u dozorového úřadu článku 13, článku 14 a dále článku 15 nařízení GDPR, kterým je Úřad na ochranu osobních údajů, Praha, Pplk. Sochora 27, 170 00 Praha 7</p><p>Uplatnění kteréhokoli z Vašich práv uvedených v&nbsp;nařízení GDPR:Uplatnění práva musí být předloženo písemně v sídle naší firmy, s Vaší prokazatelnou identifikací a její autentizací pověřeným pracovníkem.</p><p>Informace, na které máte jako subjekt údajů právo, Vám poskytneme na základě Vaší žádosti, rovněž v sídle společnosti po prokázání Vaší identity a její autentizaci.</p><p>Při žádosti zaslané poštou nebo e&nbsp;-mailem, bude žadateli sděleno, že pokud nebude řádně ztotožněn, nebude správce moci jeho žádost vyřídit.</p><p>Při žádosti zaslané prostřednictvím datové schránky, se má za to, že osoba, která používá datovou schránku, se tím pro účely podání žádosti považuje za řádně ztotožněnou.</p><p>Žádost o&nbsp;přístup k informacím je správce povinen vyřídit neprodleně, nejpozději však do 30 dnů.</p><p>Vydal: Hepos, spol. s r.o.,  Ing. Petr Mašek</p><p>Datum vydání: 14.11.2023</p><p>Účinnost od: 14.11.2023</p>

<p>Informace o zpracování osobních údajů (Informační memorandum pro Ostatní subjekty údajů) Tímto dokumentem Vám jako subjektu údajů poskytujeme informace a poučení o Vašich právech souvisejících se zpracováváním Vašich&nbsp;osobních údajů dle Nařízení Evropského parlamentu a Rady (EU) č. 679/2016 o&nbsp;ochraně fyzických osob v souvislosti se zpracováním osobních údajů a o volném pohybu těchto údajů, známého pod [&hellip;]</p>
